at is the hundreds digit of 4703853?
8
What is the ten thousands digit of 9344216?
4
What is the thousands digit of 151161?
1
What is the tens digit of 360688?
8
What is the hundred thousands digit of 17058162?
0
What is the millions digit of 1401513?
1
What is the units digit of 3428202?
2
What is the units digit of 126467?
7
What is the ten millions digit of 34693019?
3
What is the units digit of 3513399?
9
What is the thousands digit of 71658?
1
What is the units digit of 213862?
2
What is the ten thousands digit of 7783007?
8
What is the thousands digit of 547676?
7
What is the hundred thousands digit of 235831?
2
What is the hundreds digit of 371983?
9
What is the ten thousands digit of 474383?
7
What is the ten thousands digit of 675470?
7
What is the hundred thousands digit of 206322?
2
What is the thousands digit of 556477?
6
What is the hundreds digit of 738822?
8
What is the tens digit of 2864881?
8
What is the units digit of 93627?
7
What is the hundreds digit of 1340876?
8
What is the ten thousands digit of 743906?
4
What is the units digit of 116221?
1
What is the ten thousands digit of 8502445?
0
What is the tens digit of 8572920?
2
What is the hundreds digit of 452491?
4
What is the hundred thousands digit of 426858?
4
What is the ten thousands digit of 524783?
2
What is the units digit of 1411388?
8
What is the tens digit of 11083849?
4
What is the millions digit of 1069743?
1
What is the ten thousands digit of 12328245?
2
What is the thousands digit of 134928?
4
What is the ten thousands digit of 5585221?
8
What is the millions digit of 1295683?
1
What is the thousands digit of 588132?
8
What is the hundreds digit of 557426?
4
What is the thousands digit of 773579?
3
What is the ten thousands digit of 109204?
0
What is the hundreds digit of 362218?
2
What is the millions digit of 3634632?
3
What is the hundreds digit of 1257162?
1
What is the thousands digit of 338969?
8
What is the thousands digit of 1110601?
0
What is the hundreds digit of 902700?
7
What is the ten thousands digit of 387413?
8
What is the millions digit of 16701144?
6
What is the hundred thousands digit of 109894?
1
What is the ten thousands digit of 405415?
0
What is the thousands digit of 643134?
3
What is the hundreds digit of 390302?
3
What is the ten thousands digit of 84649?
8
What is the hundreds digit of 12871?
8
What is the ten thousands digit of 409973?
0
What is the tens digit of 10168907?
0
What is the units digit of 7428559?
9
What is the tens digit of 8075962?
6
What is the thousands digit of 657799?
7
What is the hundred thousands digit of 8695588?
6
What is the hundreds digit of 22310172?
1
What is the millions digit of 4953789?
4
What is the thousands digit of 11940640?
0
What is the hundred thousands digit of 300610?
3
What is the ten thousands digit of 1155560?
5
What is the ten millions digit of 15476646?
1
What is the hundred thousands digit of 2369135?
3
What is the hundred thousands digit of 102518?
1
What is the hundred thousands digit of 361323?
3
What is the ten thousands digit of 545082?
4
What is the ten thousands digit of 228345?
2
What is the hundred thousands digit of 512815?
5
What is the units digit of 15095?
5
What is the tens digit of 1105962?
6
What is the tens digit of 3135722?
2
What is the units digit of 37944?
4
What is the ten thousands digit of 1275579?
7
What is the units digit of 2054057?
7
What is the units digit of 364832?
2
What is the hundred thousands digit of 533680?
5
What is the ten millions digit of 19309826?
1
What is the hundred thousands digit of 9612319?
6
What is the tens digit of 51072?
7
What is the units digit of 4276516?
6
What is the hundreds digit of 1321123?
1
What is the units digit of 119660?
0
What is the thousands digit of 634376?
4
What is the thousands digit of 256090?
6
What is the ten thousands digit of 557277?
5
What is the hundreds digit of 78394?
3
What is the tens digit of 125791?
9
What is the hundred thousands digit of 8738466?
7
What is the thousands digit of 324283?
4
What is the millions digit of 2582720?
2
What is the hundreds digit of 4021366?
3
What is the hundreds digit of 3691538?
5
What is the hundreds digit of 17501?
5
What is the units digit of 59184?
4
What is the tens digit of 15079680?
8
What is the thousands digit of 196269?
6
What is the units digit of 2685948?
8
What is the thousands digit of 10571824?
1
What is the thousands digit of 3297198?
7
What is the thousands digit of 99582?
9
What is the units digit of 2989504?
4
What is the hundreds digit of 269723?
7
What is the tens digit of 1062053?
5
What is the hundreds digit of 37859?
8
What is the thousands digit of 53910?
3
What is the units digit of 2177728?
8
What is the thousands digit of 356028?
6
What is the thousands digit of 1578000?
8
What is the ten thousands digit of 318312?
1
What is the hundred thousands digit of 142459?
1
What is the tens digit of 120240?
4
What is the millions digit of 1642975?
1
What is the hundred thousands digit of 37186685?
1
What is the ten thousands digit of 13636078?
3
What is the tens digit of 785599?
9
What is the units digit of 139892?
2
What is the ten thousands digit of 1033614?
3
What is the tens digit of 224088?
8
What is the hundreds digit of 1137939?
9
What is the millions digit of 13961527?
3
What is the hundreds digit of 7401981?
9
What is the ten thousands digit of 89714?
8
What is the millions digit of 2740156?
2
What is the hundreds digit of 272899?
8
What is the tens digit of 2153688?
8
What is the units digit of 4014525?
5
What is the hundred thousands digit of 188543?
1
What is the tens digit of 74964?
6
What is the hundred thousands digit of 4310264?
3
What is the hundreds digit of 658145?
1
What is the tens digit of 70532?
3
What is the tens digit of 6827?
2
What is the hundred thousands digit of 297444?
2
What is the ten thousands digit of 99325?
9
What is the hundreds digit of 8165760?
7
What is the thousands digit of 8007073?
7
What is the tens digit of 112678?
7
What is the hundreds digit of 6090573?
5
What is the tens digit of 44770?
7
What is the tens digit of 508655?
5
What is the ten thousands digit of 6182277?
8
What is the ten millions digit of 17326558?
1
What is the hundred thousands digit of 1935851?
9
What is the ten thousands digit of 471368?
7
What is the tens digit of 6159343?
4
What is the tens digit of 5875599?
9
What is the hundred thousands digit of 525087?
5
What is the hundreds digit of 4780923?
9
What is the hundreds digit of 4212376?
3
What is the thousands digit of 540012?
0
What is the ten thousands digit of 603474?
0
What is the ten thousands digit of 1959427?
5
What is the tens digit of 21116994?
9
What is the thousands digit of 449032?
9
What is the hundreds digit of 824943?
9
What is the hundreds digit of 22188527?
5
What is the thousands digit of 5008107?
8
What is the hundreds digit of 405992?
9
What is the thousands digit of 577316?
7
What is the hundreds digit of 30026383?
3
What is the tens digit of 9978933?
3
What is the thousands digit of 1441278?
1
What is the millions digit of 6724443?
6
What is the hundred thousands digit of 387491?
3
What is the hundred thousands digit of 2923209?
9
What is the ten thousands digit of 14212919?
1
What is the hundreds digit of 3940792?
7
What is the hundred thousands digit of 838987?
8
What is the units digit of 8321031?
1
What is the units digit of 7025756?
6
What is the hundred thousands digit of 4067074?
0
What is the tens digit of 2698778?
7
What is the tens digit of 441582?
8
What is the units digit of 49187?
7
What is the ten thousands digit of 4126132?
2
What is the units digit of 205863?
3
What is the thousands digit of 6714417?
4
What is the units digit of 1323994?
4
What is the tens digit of 5061850?
5
What is the thousands digit of 3921692?
1
What is the thousands digit of 24990218?
0
What is the ten thousands digit of 16450009?
5
What is the ten thousands digit of 6167830?
6
What is the units digit of 2406129?
9
What is the ten thousands digit of 207343?
0
What is the tens digit of 136332?
3
What is the ten thousands digit of 260225?
6
What is the tens digit of 1517173?
7
What is the ten thousands digit of 2036025?
3
What is the millions digit of 1972213?
1
What is th